is the thousands digit of 37029?
7
What is the thousands digit of 16723?
6
What is the units digit of 689?
9
What is the units digit of 3696?
6
What is the thousands digit of 8497?
8
What is the units digit of 35736?
6
What is the units digit of 302?
2
What is the units digit of 11791?
1
What is the hundreds digit of 5076?
0
What is the thousands digit of 5513?
5
What is the thousands digit of 8628?
8
What is the tens digit of 14276?
7
What is the units digit of 107883?
3
What is the units digit of 1850?
0
What is the thousands digit of 13832?
3
What is the hundreds digit of 70757?
7
What is the hundreds digit of 22861?
8
What is the thousands digit of 8919?
8
What is the units digit of 828?
8
What is the tens digit of 1243?
4
What is the units digit of 23322?
2
What is the units digit of 8272?
2
What is the tens digit of 53529?
2
What is the units digit of 1849?
9
What is the tens digit of 235?
3
What is the tens digit of 1062?
6
What is the units digit of 24471?
1
What is the units digit of 10457?
7
What is the units digit of 294?
4
What is the thousands digit of 48054?
8
What is the hundreds digit of 2303?
3
What is the tens digit of 41853?
5
What is the thousands digit of 1815?
1
What is the thousands digit of 20734?
0
What is the tens digit of 3584?
8
What is the tens digit of 850?
5
What is the hundreds digit of 1610?
6
What is the tens digit of 1145?
4
What is the ten thousands digit of 27832?
2
What is the hundreds digit of 18430?
4
What is the tens digit of 603?
0
What is the hundreds digit of 605?
6
What is the units digit of 263?
3
What is the hundreds digit of 103?
1
What is the hundreds digit of 700?
7
What is the tens digit of 30659?
5
What is the units digit of 2737?
7
What is the units digit of 8270?
0
What is the thousands digit of 2377?
2
What is the thousands digit of 1826?
1
What is the hundreds digit of 43277?
2
What is the units digit of 826?
6
What is the tens digit of 37397?
9
What is the units digit of 68486?
6
What is the units digit of 13546?
6
What is the units digit of 46566?
6
What is the thousands digit of 12273?
2
What is the units digit of 123?
3
What is the thousands digit of 65432?
5
What is the tens digit of 810?
1
What is the hundreds digit of 19811?
8
What is the thousands digit of 10405?
0
What is the ten thousands digit of 12605?
1
What is the tens digit of 5429?
2
What is the units digit of 98098?
8
What is the units digit of 1290?
0
What is the tens digit of 16645?
4
What is the tens digit of 31574?
7
What is the ten thousands digit of 73937?
7
What is the hundreds digit of 135?
1
What is the hundreds digit of 211?
2
What is the thousands digit of 1136?
1
What is the ten thousands digit of 24411?
2
What is the tens digit of 40023?
2
What is the hundreds digit of 21775?
7
What is the hundreds digit of 5265?
2
What is the tens digit of 13566?
6
What is the hundreds digit of 255?
2
What is the units digit of 551?
1
What is the units digit of 333?
3
What is the hundreds digit of 51033?
0
What is the hundreds digit of 12033?
0
What is the ten thousands digit of 44244?
4
What is the tens digit of 12522?
2
What is the hundreds digit of 845?
8
What is the units digit of 7237?
7
What is the thousands digit of 1416?
1
What is the hundreds digit of 5789?
7
What is the thousands digit of 3070?
3
What is the thousands digit of 1007?
1
What is the units digit of 1434?
4
What is the units digit of 9953?
3
What is the thousands digit of 1513?
1
What is the tens digit of 9795?
9
What is the tens digit of 2037?
3
What is the ten thousands digit of 18939?
1
What is the units digit of 1848?
8
What is the hundreds digit of 29949?
9
What is the units digit of 8136?
6
What is the units digit of 2112?
2
What is the tens digit of 11168?
6
What is the units digit of 1406?
6
What is the thousands digit of 1863?
1
What is the hundreds digit of 5508?
5
What is the units digit of 2598?
8
What is the tens digit of 6252?
5
What is the tens digit of 2392?
9
What is the units digit of 1396?
6
What is the thousands digit of 119616?
9
What is the thousands digit of 137022?
7
What is the tens digit of 27?
2
What is the hundred thousands digit of 126642?
1
What is the tens digit of 6576?
7
What is the ten thousands digit of 14008?
1
What is the tens digit of 1237?
3
What is the hundreds digit of 79453?
4
What is the hundreds digit of 76295?
2
What is the hundreds digit of 1957?
9
What is the hundreds digit of 350?
3
What is the hundreds digit of 316?
3
What is the thousands digit of 62031?
2
What is the hundreds digit of 7497?
4
What is the units digit of 3258?
8
What is the units digit of 48818?
8
What is the hundreds digit of 3487?
4
What is the units digit of 8068?
8
What is the thousands digit of 5786?
5
What is the hundreds digit of 2414?
4
What is the hundreds digit of 101315?
3
What is the units digit of 5192?
2
What is the hundreds digit of 703?
7
What is the units digit of 7623?
3
What is the units digit of 861?
1
What is the hundreds digit of 49945?
9
What is the hundreds digit of 51001?
0
What is the tens digit of 1617?
1
What is the units digit of 169?
9
What is the units digit of 2043?
3
What is the thousands digit of 134985?
4
What is the units digit of 5099?
9
What is the tens digit of 622?
2
What is the units digit of 39765?
5
What is the tens digit of 3874?
7
What is the units digit of 46375?
5
What is the hundreds digit of 1751?
7
What is the units digit of 9816?
6
What is the hundreds digit of 70720?
7
What is the tens digit of 2048?
4
What is the thousands digit of 62066?
2
What is the tens digit of 24820?
2
What is the hundreds digit of 676?
6
What is the tens digit of 480?
8
What is the units digit of 1663?
3
What is the tens digit of 1095?
9
What is the units digit of 5879?
9
What is the units digit of 51650?
0
What is the units digit of 719?
9
What is the hundreds digit of 139864?
8
What is the tens digit of 35299?
9
What is the units digit of 2795?
5
What is the hundreds digit of 989?
9
What is the hundreds digit of 7074?
0
What is the tens digit of 13327?
2
What is the hundreds digit of 67388?
3
What is the hundreds digit of 417?
4
What is the units digit of 804?
4
What is the hundreds digit of 7931?
9
What is the tens digit of 29388?
8
What is the tens digit of 761?
6
What is the tens digit of 153682?
8
What is the thousands digit of 7707?
7
What is the ten thousands digit of 21490?
2
What is the ten thousands digit of 108592?
0
What is the thousands digit of 4974?
4
What is the tens digit of 1563?
6
What is the thousands digit of 25454?
5
What is the tens digit of 1723?
2
What is the hundreds digit of 3847?
8
What is the hundreds digit of 85013?
0
What is the thousands digit of 2424?
2
What is the ten thousands digit of 53064?
5
What is the units digit of 5737?
7
What is the units digit of 4312?
2
What is the hundreds digit of 118577?
5
What is the units digit of 523?
3
What is the thousands digit of 43808?
3
What is the thousands digit of 26915?
6
What is the thousands digit of 2712?
2
What is the tens digit of 79?
7
What is the tens digit of 72027?
2
What is the thousands digit of 144683?
4
What is the units digit of 91880?
0
What is the ten thousands digit of 12761?
1
What is the tens digit of 1227?
2
What is the hundreds digit of 1879?
8
What is the units digit of 743?
3
What is the thousands digit of 1483?
1
What is the hundreds digit of 1143?
1
What is the tens digit of 1924?
2
What is the tens digit of 2052?
5
What is the ten thousands digit of 17771?
1
What is the units digit of 21512?
2
What is the thousands digit of 19237?
9
What is the units digit of 55760?
0
What is the thousands digit of 91742?
1
What is the tens digit of 2109?
0
What is the tens digit of 27691?
9
What is the hundreds digit of 9519?
5
What is the thousands digit of 3305?
3
What is the hundreds digit of 9497?
4
What is the ten thousands digit of 26741?
2
What is the hundreds digit of 269?
2
What is the units digit of 20?
0
What is the units digit of 1274?
4
What is the ten thousands digit of 100296?
0
What is the hundreds digit of 108825?
8
What is the tens digit of 11730?
3
What is the thousands digit of 9233?
9
What is the ten thousands digit of 16408?
1
What is the units digit of 2586?
6
What is the units digit of 30614?
4
Wh